Is 1538590 a multiple of 5?
True
Is 21848952 a multiple of 1031?
True
Does 22 divide 33656482?
False
Is 707545214 a multiple of 2656?
False
Is 464927008 a multiple of 14?
True
Does 1593 divide 12665943?
True
Is 89 a factor of 25656475?
True
Is 812 a factor of 22938275?
False
Is 64872332 a multiple of 254?
False
Does 23 divide 420106109?
True
Does 9 divide 297576?
True
Is 1685 a factor of 150179339?
False
Is 200 a factor of 17159200?
True
Is 14 a factor of 4920414?
False
Is 152 a factor of 1130529184?
True
Does 111 divide 18753304?
False
Is 12542556 a multiple of 13?
True
Is 170509003 a multiple of 53?
True
Is 2228398236 a multiple of 39?
False
Is 367620269 a multiple of 398?
False
Is 206 a factor of 51961646?
True
Is 476 a factor of 576791572?
True
Is 6282754 a multiple of 382?
True
Is 4 a factor of 88380500?
True
Does 8949 divide 1873455252?
True
Is 839718 a multiple of 22?
True
Is 11 a factor of 298699181?
True
Is 157 a factor of 24878667?
False
Does 11 divide 5767102?
True
Is 7579 a factor of 3371101305?
True
Is 166 a factor of 50333026?
True
Is 699929892 a multiple of 5982?
True
Does 17 divide 4801050?
False
Is 173340330 a multiple of 566?
True
Is 24 a factor of 130204540?
False
Is 1791225612 a multiple of 99?
True
Is 6879474 a multiple of 1278?
True
Does 18 divide 36769475?
False
Does 5 divide 29131106?
False
Is 268 a factor of 99208039?
False
Is 257787087 a multiple of 40?
False
Does 54 divide 3347023?
False
Does 95 divide 29905129?
False
Is 23 a factor of 3887339227?
True
Is 3 a factor of 269351510?
False
Is 29152311 a multiple of 77?
False
Is 6 a factor of 1599677232?
True
Is 10 a factor of 37210000?
True
Is 15 a factor of 175123840?
False
Is 927225200 a multiple of 7180?
True
Does 324 divide 39226680?
True
Does 28 divide 19952352?
True
Does 285 divide 8953714?
False
Is 42 a factor of 56731794?
True
Is 2724 a factor of 54994836?
True
Is 26 a factor of 70910306?
False
Is 488 a factor of 828600088?
True
Does 34 divide 10392742?
False
Does 23 divide 24653621?
False
Does 127 divide 24440648?
False
Is 2754 a factor of 677236140?
True
Is 14927638 a multiple of 1129?
True
Is 972 a factor of 548402931?
False
Is 388 a factor of 69753864?
True
Is 307 a factor of 5480564?
True
Does 10 divide 243448163?
False
Does 9 divide 189250480?
False
Is 1061 a factor of 764892521?
False
Is 1464 a factor of 502995831?
False
Is 4122 a factor of 6250782?
False
Does 31 divide 66262044?
False
Is 273 a factor of 6933899694?
False
Is 668289975 a multiple of 114?
False
Does 8 divide 271001528?
True
Is 162 a factor of 37164571?
False
Is 543 a factor of 439419230?
False
Is 17 a factor of 172342192?
True
Is 2307 a factor of 20485862?
False
Is 155720567 a multiple of 40?
False
Does 461 divide 1361885111?
False
Is 4738736 a multiple of 4?
True
Is 251696486 a multiple of 25?
False
Is 33 a factor of 1028998839?
True
Is 94 a factor of 355431484?
True
Is 31 a factor of 27366359?
False
Is 368260234 a multiple of 17?
False
Is 8353631 a multiple of 143?
True
Does 4082 divide 376021594?
True
Does 3075 divide 982982175?
True
Is 255738936 a multiple of 332?
True
Does 2 divide 139725453?
False
Does 30 divide 630590573?
False
Does 338 divide 1592178300?
False
Is 1223 a factor of 1568025524?
False
Is 28443456 a multiple of 552?
True
Does 157 divide 17963880?
False
Is 197103121 a multiple of 23?
False
Is 851 a factor of 251960034?
False
Does 384 divide 210456960?
True
Does 2 divide 840033794?
True
Does 1452 divide 21774864?
False
Is 540107241 a multiple of 111?
True
Is 6 a factor of 28117506?
True
Is 367 a factor of 1262577602?
False
Does 63 divide 503273035?
False
Is 447 a factor of 150366051?
False
Is 126 a factor of 11570421?
False
Does 1099 divide 9956465?
False
Does 21 divide 54379024?
False
Is 850219 a multiple of 7?
False
Is 183 a factor of 9854962?
False
Is 27 a factor of 46286748?
True
Does 48 divide 164819316?
False
Is 68 a factor of 8407665?
False
Is 4 a factor of 69552860?
True
Is 9130151 a multiple of 252?
False
Is 7121037 a multiple of 33?
True
Does 810 divide 259610670?
True
Is 97 a factor of 207674963?
True
Is 180430731 a multiple of 271?
False
Does 645 divide 439560405?
True
Is 595477527 a multiple of 4793?
True
Is 53386536 a multiple of 368?
False
Does 13 divide 31434778?
False
Is 4907 a factor of 1599927324?
False
Is 715799366 a multiple of 6?
False
Is 26598881 a multiple of 191?
False
Is 54 a factor of 93233002?
False
Does 160 divide 43020864?
False
Does 2315 divide 28992992?
False
Is 110448091 a multiple of 47?
False
Is 34 a factor of 46538078?
True
Does 457 divide 483331426?
True
Is 1069 a factor of 7699046699?
False
Does 24 divide 37863936?
True
Is 734 a factor of 3703030?
True
Does 187 divide 16528182?
True
Is 4 a factor of 29795200?
True
Is 691150130 a multiple of 830?
True
Does 234 divide 4996423?
False
Is 24 a factor of 34933782?
False
Is 76203220 a multiple of 236?
True
Is 216176034 a multiple of 46?
True
Does 65 divide 60136115?
True
Does 2545 divide 237585930?
True
Is 60 a factor of 1825485152?
False
Is 30 a factor of 143585930?
False
Does 6155 divide 2570241830?
True
Is 734429200 a multiple of 25?
True
Is 130 a factor of 52299831?
False
Is 44207714 a multiple of 6310?
False
Does 83 divide 479427505?
True
Is 33 a factor of 167198196?
True
Is 802 a factor of 342883070?
True
Does 208 divide 154741808?
True
Does 74 divide 41798203?
False
Is 12480211 a multiple of 2?
False
Is 12 a factor of 1580542084?
False
Is 53708772 a multiple of 598?
True
Is 147 a factor of 11595763?
False
Does 92 divide 841104020?
True
Does 176 divide 29979136?
True
Is 263 a factor of 376516586?
True
Is 43 a factor of 77812667?
False
Is 18 a factor of 324059087?
False
Is 50517418 a multiple of 20?
False
Is 93483627 a multiple of 28?
False
Is 39946506 a multiple of 64?
False
Is 80 a factor of 2216588640?
True
Is 3002 a factor of 154692006?
False
Is 2897 a factor of 62571813?
False
Is 328683782 a multiple of 41?
False
Is 131 a factor of 11667566?
False
Is 22235934 a multiple of 1011?
True
Is 13850508 a multiple of 69?
True
Is 10901110 a multiple of 10?
True
Does 119 divide 76506885?
True
Is 4 a factor of 500031571?
False
Does 670 divide 89737120?
True
Is 57 a factor of 3995238661?
False
Does 56 divide 340318552?
True
Does 43 divide 121008880?
True
Is 24351144 a multiple of 101?
False
Does 10 divide 23861950?
True
Is 12 a factor of 651849972?
True
Is 19912044 a multiple of 31?
True
Is 907 a factor of 10373270?
False
Does 3799 divide 372014706?
False
Does 159 divide 581710008?
False
Is 221123716 a multiple of 1601?
True
Is 359239082 a multiple of 10?
False
Is 743 a factor of 29080277?
True
Is 13 a factor of 2426759405?
False
Is 449614 a multiple of 14?
False
Does 224 divide 20160672?
True
Is 5718 a factor of 227602959?
False
Is 5790679 a multiple of 508?
False
Does 13 divide 629978778?
True
Is 2790641432 a multiple of 6570?
False
Is 232957529 a multiple of 302?
False
Does 410 divide 163280751?
False
Does 6 divide 266910999?
False
Is 944775939 a multiple of 6333?
True
Is 70 a factor of 41384630?
True
Is 570013391 a multiple of 57?
False
Is 8042468 a multiple of 259?
True
Is 64350514 a multiple of 1981?
False
Does 206 divide 423449517?
False
Is 117062888 a multiple of 55?
False
Is 433 a factor of 12947133?
True
Is 1892 a factor of 109032406?
False
Is 592588568 a multiple of 38?
True
Does 12829 divide 2883430604?
False
Does 6 divide 586050438?
True
Is 30066673 a multiple of 139?
True
Is 15 a factor of 62251320?
True
Is 1370 a factor of 4106035220?
True
Does 85 divide 772595005?
True
Is 1875609 a multiple of 908?
False
Does 8 divide 180780992?
True
Is 1927792452 a multiple of 17?
True
Does 89 divide 78852194?
False
Is 25770576 a multiple of 63?
False
Is 176 a factor of 14136219?
False
Is 6084 a factor of 324122921?
False
Is 645 a factor of 613620105?
True
Is 22 a factor of 2320628357?
False
Is 76 a factor of 338702368?
False
Is 9906379 a multiple of 70?
False
Is 1130561019 a multiple of 1547?
False
Is 184222437 a multiple of 64?
False
Is 3942 a factor of 452340558?
True
Is 89 a factor of 944527630?
True
Is 518269752 a multiple of 6188?
True
Is 5813802 a multiple of 558?
True
Does 147 divide 1806083601?
True
Is 1675 a factor of 2593440?
False
Is 135 a factor of 327437505?
True
Does 50 divid